 remainder when 14976/(-224)*(1 + (-18)/4) is divided by 2.
0
Let w(l) = 121*l + 125. Calculate the remainder when 395 is divided by w(-1).
3
Let l(s) = -3*s**3. Let w(k) = -9*k**3 + k. Let i(q) = -7*l(q) + 2*w(q). Let m be i(-2). Let a = -9 - m. What is the remainder when a is divided by 10?
9
Suppose b = 2 + 5. Let k(q) = 2*q**2 - 6*q + 15. Let a = -28 + 46. What is the remainder when k(b) is divided by a?
17
Let z = 77 - 53. Let w = 5 - 25. Let q = w + z. What is the remainder when 18 is divided by q?
2
Let i(n) = 3*n + 24. What is the remainder when 16 is divided by i(-7)?
1
What is the remainder when 66 is divided by (-6)/(210/(-161))*(-5)/(-1)?
20
Suppose 2*q - 12 = -4. What is the remainder when 11 is divided by 3 - ((q - 7) + 3)?
2
Let k(t) = t**2 + 12*t + 25. Let o be k(-10). What is the remainder when 26 is divided by -1 + 2/o*(10 + 0)?
2
Let s = 33 - 29. Suppose 5 + 3 = 2*n. Suppose -2*u - 3*d + 105 = 0, 9*u - s*u - 245 = -n*d. Calculate the remainder when u is divided by 24.
21
Let y = -37 - -10. Let p = 53 + y. What is the remainder when p is divided by ((-28)/6)/((-4)/6)?
5
Let u(j) = j**2 + 23. Calculate the remainder when u(-10) is divided by 32.
27
Let z(o) = 13*o**3 + 3*o**2 - 15*o + 27. Calculate the remainder when z(3) is divided by 28.
24
Suppose 0 = 2*k + 1 + 1. What is the remainder when -1*(0 - k)*-78 is divided by 40?
38
Let w = -34 - -57. Let t be -3 - (1 - 0)/(-1). Let d(h) = 21*h**2 - 4*h - 3. What is the remainder when d(t) is divided by w?
20
Let m(d) = -4*d + 2. Let v(p) = -p**2 - 3*p + 279. Calculate the remainder when m(-5) is divided by v(-18).
4
Let d be 22/99 - 104/(-18). Let b be 6/(-9) - (-148)/d. Let g = b - 17. Calculate the remainder when 16 is divided by g.
2
Suppose -2*i + 2 = 2*i - 5*n, -5*n + 25 = 5*i. What is the remainder when i/(-1)*49/(-3) is divided by 13?
10
Suppose -9*g - 10 + 28 = 0. Calculate the remainder when 6 is divided by 1*-5*(-3 + g).
1
Let a(o) = o**3 - 5*o**2 - 5*o - 3. Let u be a(6). Let w be u/(-2) - (-3156)/(-8). Calculate the remainder when 17 is divided by w/(-39) + (-4)/26.
7
Suppose 3 = 2*r - 5. Suppose 0 = -2*x + 3 + 11. Suppose -r*c - 186 = -x*c. What is the remainder when c is divided by 13?
10
Suppose -3*j + 7*j + g - 356 = 0, 0 = -4*j + g + 364. What is the remainder when j is divided by 36?
18
Suppose -2*t = v, -8*t + 5*v + 22 = -7*t. Calculate the remainder when 14 is divided by t.
0
Let l = 566 - 448. Calculate the remainder when 464 is divided by l.
110
Let j = -83 + 134. Let i(x) = 16*x**3 - 4*x**2 + 2. Calculate the remainder when j is divided by i(1).
9
Let j = -30 + 34. Calculate the remainder when -4*(-3)/12 + 15 is divided by j.
0
Suppose 0 = 2*z + 22 - 4. Let a = z - -10. Suppose y + 2*n = 2, a = 4*n + 17. What is the remainder when 58 is divided by y?
8
Let z = 4 - 18. Let j = -7 - z. Suppose 3*a + 68 = j*a. What is the remainder when 49 is divided by a?
15
Suppose -74 = 5*r - 259. Let t = -34 + r. Suppose 5*o + 4*d = 290, 4*o = t*o + d + 67. What is the remainder when o is divided by 21?
20
Let j(p) = -57*p - 1. Let f be j(-1). Let h = f + -32. Let r = -10 + h. What is the remainder when 39 is divided by r?
11
Suppose -154 = -4*s - 3*u, 2*s = -5*u + 79 + 5. Let z = s + -4. Let q = -15 + 32. What is the remainder when z is divided by q?
16
Let n = -8 + 4. Let k = -2 + n. Calculate the remainder when 12 is divided by 10 + k + (-12)/(-4).
5
Suppose -2*n + 3*a = -0*n - 29, -19 = -2*n + a. Let f = 5 + n. Calculate the remainder when 19 is divided by f.
7
Let l(t) = 6*t**2 - 5*t + 2. Let q be l(3). Suppose r - 10 = -2*x, 3*x - 4*r - r = q. Suppose x*b = -40 + 131. What is the remainder when b is divided by 8?
5
Let n(p) = -3*p - 7. Let l(r) = r**2 + 29. Calculate the remainder when l(0) is divided by n(-5).
5
Let r(i) = -i**3 + 10*i**2 - 9*i + 12. Let k be 2 - 2*(-1 - (-10)/(-4)). What is the remainder when 0/(-1) - -21 - -2 is divided by r(k)?
11
Suppose -5*f + 1362 = -3*v, -3*f = -8*f - 3*v + 1368. Suppose f = -7*a + 10*a. Let w = a + -60. Calculate the remainder when w is divided by 11.
9
Suppose 12 + 28 = -2*f. Let l = 12 + f. Calculate the remainder when l/(-20) - (-123)/5 is divided by 7.
4
Let o = -63 - -35. Let w = 74 - o. What is the remainder when w is divided by 21?
18
Suppose 0*f + 4*f + 2*r - 1038 = 0, 4*f - 4*r = 1056. What is the remainder when f is divided by 24?
21
What is the remainder when 1971/4 + (-15)/(-12) is divided by 62?
60
Suppose 22*f - 6*f - 976 = 0. Let r = f - 47. Suppose 6 = 4*b - 14. Calculate the remainder when r is divided by b.
4
Suppose 79 = -3*r + 2*v, 2*v - 3*v = -r - 28. Let u = r - -51. What is the remainder when 80 is divided by u?
24
Let w = 6 - -1. Let o = w - 2. Suppose 103 = o*b + 23. What is the remainder when 47 is divided by b?
15
Let h(u) = 24*u**3 + u + 2. Let o(y) = -2*y**3 + 29*y**2 - 8*y - 34. Calculate the remainder when h(2) is divided by o(14).
46
Let p(s) = 2*s - 22. Let q be p(17). Suppose -q - 63 = -5*f. Suppose t - 2 - f = 0. What is the remainder when 65 is divided by t?
14
Let o(b) = -2*b**3 - 4*b**2 - 4*b - 8. Let u be o(-3). What is the remainder when (-114)/1*u/(-33) is divided by 13?
11
Let z be (-2)/(-4) + 301/14. Let h = 23 - z. Calculate the remainder when ((-1)/3)/(1/(-9)) is divided by h.
0
Let n(p) = -p**3 + p**2 - p - 2. Calculate the remainder when 539 is divided by n(-2).
11
Let p(y) = 5*y**2 - 1. Let w be (-6)/(-6)*(0 + -1). What is the remainder when 15 is divided by p(w)?
3
Let i = 109 + -101. What is the remainder when i is divided by 1?
0
Suppose 33 = 2*o - 9. Suppose 2*a + 21 = -3*d, 0*a - 2*d = -a - o. Let g = -10 - a. What is the remainder when 7 is divided by g?
2
Suppose 0 = -5*r + 7 + 3, 28 = -4*t + 4*r. Suppose o = -n + 69, -n = -4*n - 6. What is the remainder when o is divided by (-24)/t*(-2 + 7)?
23
Let q = 2169 - 1880. What is the remainder when q is divided by 18?
1
Suppose 4*j - 8*j = -8. Suppose -j*n = 2*n - 52. Calculate the remainder when 51 is divided by n.
12
Suppose -80*n + 79*n + 141 = 0. What is the remainder when n is divided by 20?
1
Let h = -14 + 7. Let b(f) be the second derivative of -f**3/2 - 5*f**2 + 60*f. What is the remainder when 21 is divided by b(h)?
10
Calculate the remainder when 34 is divided by ((-386)/(-16) - 11/88)/2.
10
Suppose 5*d - 8*d + q = -33, -3 = -q. Calculate the remainder when 105 is divided by d.
9
Let h = -102 + -6. What is the remainder when 71 is divided by h/(-24)*(2 + 2)?
17
Let i = 126 - 69. Suppose -2*q - q + i = 0. Let d = 319 - 312. Calculate the remainder when q is divided by d.
5
Let r(w) = w**3 - 5*w**2 + 2*w + 1. Suppose 5*p - 271 = -z, -39*z + 40*z - 55 = -p. Calculate the remainder when p is divided by r(5).
10
Let c be (-2 - -1*3)/((-6)/(-36)). Let w(q) = q**3 - 3*q**2 - 15*q + 4. What is the remainder when w(c) is divided by 8?
6
Let i be (0 - (-4 - -4))/(-2). Suppose -4*g + 48 = -i*d - 2*d, -g = 5*d + 10. Calculate the remainder when 29 is divided by g.
9
Suppose 3*w + 231 = -48. Calculate the remainder when 120 is divided by 3/((-102)/w + -1).
27
Let z(q) be the first derivative of -q**2/2 - q - 7. Calculate the remainder when z(-3) is divided by 2.
0
Let s = 11 + -4. Calculate the remainder when (-336)/1512 + 436/18 is divided by s.
3
Let s be (-1 + -5)*15/(-2). Let q = -20 + s. What is the remainder when q is divided by 13?
12
Suppose 0 = 6*a - 111 + 3. Suppose 0 = -s - i + a - 6, -3*s = 5*i - 46. Calculate the remainder when 45 is divided by s.
3
Suppose 421 = 5*v - y - y, -334 = -4*v + 3*y. Let a(l) = 4*l**3 - 3*l + 3. What is the remainder when v is divided by a(2)?
27
Calculate the remainder when 66 is divided by (-4699)/(-259) + 18/21.
9
Let i = 62 - 53. Suppose i*b = -6*b + 270. What is the remainder when (-2 - 10/(-4))*136 is divided by b?
14
Let v(f) be the second derivative of f**3/3 + 23*f**2/2 - 9*f. What is the remainder when 32 is divided by v(-9)?
2
Let f = -82 - -53. Let q = 43 + f. What is the remainder when q is divided by (3/6)/((-1)/(-10))?
4
What is the remainder when 78 is divided by (36 - -9)/((-12)/(-8))?
18
Let y be (-21)/14*4/15*15. Let v(b) = b**2 + 11*b + 46. Calculate the remainder when 30 is divided by v(y).
14
Suppose -2*g = -2*c - 102, 0*c - 158 = -3*g - 2*c. Let i(v) = -v**2 + 1